nder when 3818493 is divided by 33204?
33
What is the remainder when 51487 is divided by 2812?
871
What is the remainder when 110717 is divided by 2149?
1118
Calculate the remainder when 8917281 is divided by 273.
9
Calculate the remainder when 39862460 is divided by 112.
92
Calculate the remainder when 13276508 is divided by 265.
8
Calculate the remainder when 4539806 is divided by 14.
12
Calculate the remainder when 74624955 is divided by 74624946.
9
What is the remainder when 109670 is divided by 21907?
135
What is the remainder when 45357309 is divided by 144?
45
What is the remainder when 50559810 is divided by 12639952?
2
Calculate the remainder when 80466013 is divided by 51.
49
What is the remainder when 316892 is divided by 21936?
9788
Calculate the remainder when 960635 is divided by 960583.
52
Calculate the remainder when 2163441 is divided by 696.
273
Calculate the remainder when 1810974 is divided by 362094.
504
What is the remainder when 14267715 is divided by 2738?
2735
Calculate the remainder when 16535297 is divided by 218.
215
What is the remainder when 9905889 is divided by 12?
9
Calculate the remainder when 4179569 is divided by 10.
9
Calculate the remainder when 42803934 is divided by 501.
498
Calculate the remainder when 1959368 is divided by 4065.
38
Calculate the remainder when 26837 is divided by 4444.
173
What is the remainder when 1501841 is divided by 1882?
5
What is the remainder when 22943980 is divided by 283259?
1
Calculate the remainder when 219536 is divided by 36339.
1502
Calculate the remainder when 1061801 is divided by 6244.
321
Calculate the remainder when 46402311 is divided by 4733.
4712
What is the remainder when 43080648 is divided by 17?
13
Calculate the remainder when 80190472 is divided by 20047617.
4
Calculate the remainder when 173365168 is divided by 173365157.
11
Calculate the remainder when 1656029 is divided by 98.
25
What is the remainder when 5702026 is divided by 5165?
5031
Calculate the remainder when 513271 is divided by 23317.
297
What is the remainder when 6960812 is divided by 1207?
43
What is the remainder when 360694 is divided by 774?
10
Calculate the remainder when 90191 is divided by 12878.
45
Calculate the remainder when 1259770 is divided by 342.
184
Calculate the remainder when 220210 is divided by 7593.
13
What is the remainder when 128446 is divided by 32077?
138
Calculate the remainder when 51035 is divided by 242.
215
What is the remainder when 282066 is divided by 2137?
2119
What is the remainder when 64218 is divided by 194?
4
What is the remainder when 8292213 is divided by 216?
189
Calculate the remainder when 6285388 is divided by 6009.
5983
What is the remainder when 232178 is divided by 39?
11
What is the remainder when 1032253 is divided by 13405?
68
Calculate the remainder when 571207 is divided by 114007.
1172
What is the remainder when 2313391 is divided by 70?
31
Calculate the remainder when 870464 is divided by 17.
13
Calculate the remainder when 438492 is divided by 219224.
44
What is the remainder when 239652 is divided by 131?
53
What is the remainder when 3382 is divided by 1944?
1438
Calculate the remainder when 1087154 is divided by 300.
254
What is the remainder when 30383294 is divided by 112949?
13
Calculate the remainder when 37053 is divided by 673.
38
Calculate the remainder when 131364 is divided by 223.
17
Calculate the remainder when 64853223 is divided by 8171.
8167
What is the remainder when 47545 is divided by 2101?
1323
Calculate the remainder when 636205533 is divided by 376.
373
What is the remainder when 4482759 is divided by 4482742?
17
What is the remainder when 48692393 is divided by 400?
393
What is the remainder when 88632 is divided by 28900?
1932
Calculate the remainder when 116864 is divided by 2701.
721
What is the remainder when 417483 is divided by 59487?
1074
What is the remainder when 105026 is divided by 6158?
340
What is the remainder when 5434535 is divided by 437?
3
What is the remainder when 475973 is divided by 2833?
29
Calculate the remainder when 12490740 is divided by 6245361.
18
Calculate the remainder when 1126769 is divided by 12951.
32
Calculate the remainder when 517863 is divided by 31.
8
Calculate the remainder when 14831 is divided by 4761.
548
What is the remainder when 5679356 is divided by 3882?
3872
What is the remainder when 58607 is divided by 884?
263
What is the remainder when 1304607 is divided by 1888?
1887
What is the remainder when 388163 is divided by 6807?
164
Calculate the remainder when 106951 is divided by 34289.
4084
What is the remainder when 12549701 is divided by 2543?
2539
What is the remainder when 36952 is divided by 366?
352
What is the remainder when 160590936 is divided by 7?
2
What is the remainder when 69668693 is divided by 194?
189
What is the remainder when 39097589 is divided by 6516263?
11
Calculate the remainder when 94713335 is divided by 2.
1
Calculate the remainder when 8742175 is divided by 8742167.
8
Calculate the remainder when 19114005 is divided by 85713.
6
Calculate the remainder when 594547 is divided by 34845.
2182
Calculate the remainder when 66740177 is divided by 260.
257
Calculate the remainder when 149605 is divided by 162.
79
Calculate the remainder when 4400087 is divided by 654.
629
Calculate the remainder when 1447011 is divided by 1566.
27
Calculate the remainder when 294252 is divided by 19529.
1317
What is the remainder when 2567534 is divided by 3621?
245
Calculate the remainder when 14074 is divided by 1671.
706
What is the remainder when 555260 is divided by 92496?
284
What is the remainder when 138715436 is divided by 20?
16
What is the remainder when 8859263 is divided by 7847?
0
What is the remainder when 703412 is divided by 37021?
13
What is the remainder when 796243 is divided by 316?
239
What is the remainder when 5326961 is divided by 5458?
5411
What is the remainder when 500329490 is divided by 54?
50
What is the remainder when 320542 is divided by 84?
82
Calculate the remainder when 189436 is divided by 8258.
7760
What is the remainder when 90273 is divided by 1464?
969
Calculate the remainder when 361560 is divided by 90375.
60
What is the remainder when 2708691 is divided by 23?
4
Calculate the remainder when 1537476 is divided by 1537448.
28
What is the remainder when 6452338 is divided by 1?
0
Calculate the remainder when 4554134 is divided by 57647.
21
What is the remainder when 2273548 is divided by 399?
46
What is the remainder when 765494 is divided by 289?
222
What is the remainder when 12125157 is divided by 1579?
16
What is the remainder when 500745492 is divided by 38?
36
Calculate the remainder when 173508 is divided by 173417.
91
What is the remainder when 105480 is divided by 94441?
11039
What is the remainder when 438605542 is divided by 35?
32
Calculate the remainder when 18732766 is divided by 1916.
34
Calculate the remainder when 104488 is divided by 101.
54
What is the remainder when 26900267 is divided by 3?
2
Calculate the remainder when 25280516 is divided by 2106706.
44
Calculate the remainder when 256640 is divided by 128320.
0
Calculate the remainder when 42189 is divided by 48.
45
Calculate the remainder when 1357344 is divided by 104.
40
Calculate the remainder when 1397818 is divided by 349318.
546
What is the remainder when 135406 is divided by 6?
4
Calculate the remainder when 3214735 is divided by 817.
657
What is the remainder when 18544845 is divided by 194?
191
What is the remainder when 924641 is divided by 184924?
21
Calculate the remainder when 122794 is divided by 15315.
274
Calculate the remainder when 448792 is divided by 7238.
36
What is the remainder when 981307469 is divided by 390?
389
What is the remainder when 4888141 is divided by 4888128?
13
Calculate the remainder when 229987 is divided by 43.
23
Calculate the remainder when 11959253 is divided by 1034.
9
Calculate the remainder when 133718 is divided by 412.
230
Calculate the remainder when 9732871 is divided by 233.
228
What is the remainder when 5643564 is divided by 231?
3
Calculate the remainder when 92995 is divided by 4229.
4186
Calculate the remainder when 127863 is divided by 524.
7
Calculate the remainder when 5663564 is divi